s) = -s**2 + 27*s + 43. Give d(25).
93
Let z(m) = m**3 + 9*m**2 + 8*m - 17. What is z(-8)?
-17
Let v(n) = -5*n - 107. Give v(-22).
3
Let i(y) = -y**2 - 4*y + 2. Determine i(-4).
2
Let d(p) = -2*p**2 - 19*p + 11. Calculate d(-10).
1
Let y(l) = 5*l - 14. Give y(18).
76
Let a(w) = -w**3 - 4*w**2 - w - 5. Calculate a(-4).
-1
Let t(i) = -i**2 + 2*i + 30. What is t(-4)?
6
Let d(f) = f**3 - 5*f**2 + 4*f - 2. Determine d(4).
-2
Let m(v) = 12*v + 264. What is m(-20)?
24
Let k(u) = 8*u + 34. Give k(-11).
-54
Let b(z) = -z**3 - 5*z**2 - 7. Give b(-5).
-7
Let k(g) = -10*g**2 - 539*g + 49. Calculate k(-54).
-5
Let j(y) = 3*y - 95. Determine j(30).
-5
Let v(b) = b**3 + 6*b**2 - 8*b + 10. What is v(-8)?
-54
Let v(p) = p + 56. What is v(-6)?
50
Let o(a) = -a + 5. Calculate o(-12).
17
Let u(g) = g - 7. What is u(5)?
-2
Let k(l) = -l**2 + 11*l - 5. What is k(9)?
13
Let x(l) = -l**3 + 4*l**2 - 2*l + 2. Give x(3).
5
Let b(c) = -5*c + 160. Give b(31).
5
Let b(f) = f**2 + 6*f - 95. Calculate b(-13).
-4
Let w(x) = x + 23. Calculate w(0).
23
Let a(r) = r**3 + 9*r**2 + 12*r + 5. Calculate a(-8).
-27
Let h(m) = -27*m - 17. What is h(6)?
-179
Let t(i) = i**3 - 13*i - 4. Give t(-4).
-16
Let z(b) = b**2 + 28*b + 155. Give z(-11).
-32
Let u(g) = 2*g**3 + 2*g**2 - g + 2. Determine u(-2).
-4
Let b(j) = 4*j**3 + 5*j**2 + 3*j. Determine b(-3).
-72
Let y(i) = -22*i**3 - i + 1. Determine y(1).
-22
Let d(f) = f**3 + 7*f**2 + 7*f + 1. Calculate d(-5).
16
Let u(w) = -9*w - 32. Give u(-8).
40
Let y(l) = -l**3 - 8*l**2 - 6*l + 9. Calculate y(-7).
2
Let m(q) = -14*q + 103. Determine m(8).
-9
Let c(r) = -r**3 + 12*r**2 - 30*r - 13. What is c(8)?
3
Let l(t) = t**3 - 17. Give l(0).
-17
Let a(f) = f**3 - 10*f**2 + 5*f + 5. Give a(9).
-31
Let c(x) = -2*x**2 + 29*x + 13. Determine c(15).
-2
Let l(r) = 16*r**3 + r**2 - 2*r + 4. Determine l(-2).
-116
Let x(m) = m + 16. What is x(0)?
16
Let h(u) = -13*u + 50. Calculate h(5).
-15
Let v(s) = -7*s**2 - 9*s + 3. Give v(-2).
-7
Let x(g) = g**3 + 15*g**2 + 22*g - 1. Determine x(-13).
51
Let w(r) = 4*r + 14. Calculate w(-11).
-30
Let p(r) = r**2 - 13*r - 27. Determine p(15).
3
Let v(c) = 70*c**2 + 2*c + 3. What is v(-1)?
71
Let o(y) = -4*y - 4. What is o(-10)?
36
Let u(a) = a**3 + 18*a**2 + 20*a + 38. Determine u(-17).
-13
Let q(a) = a**3 + 14*a**2 + 14*a + 18. Determine q(-13).
5
Let f(p) = 12*p - 20. Give f(7).
64
Let l(t) = -2*t + 6. Calculate l(6).
-6
Let f(p) = p**3 - 14*p**2 - 17*p + 36. Determine f(15).
6
Let s(u) = -27*u - 260. Calculate s(-10).
10
Let c(m) = -m**3 + 16*m**2 + m - 24. What is c(16)?
-8
Let m(a) = -6*a + 191. Determine m(33).
-7
Let k(g) = -15*g + 652. What is k(44)?
-8
Let r(p) = 4*p**2 + 4*p + 3. Calculate r(-2).
11
Let r(a) = 2*a + 20. What is r(-4)?
12
Let p(g) = -g**3 - 5*g**2 + 5*g - 11. Give p(-6).
-5
Let m(k) = k**3 + 3*k**2 - 6*k - 4. Give m(-5).
-24
Let z(v) = 39*v - 125. What is z(3)?
-8
Let v(u) = u + 9. What is v(-19)?
-10
Let m(v) = 2*v**2 + 5*v - 1. Calculate m(-7).
62
Let k(g) = g**3 + 8*g**2 - 10*g - 4. Determine k(-9).
5
Let w(t) = -2*t**3 - 63*t**2 + 30*t - 70. Give w(-32).
-6
Let q(r) = r**2 + 8*r + 14. Give q(-6).
2
Let i(o) = -o**3 - 9*o**2 + 16*o + 59. Calculate i(-10).
-1
Let m(d) = -d**3 - 12*d**2 + 10. What is m(-12)?
10
Let n(h) = -h**3 + 6*h**2 - 2*h + 2. Give n(4).
26
Let t(v) = 2*v**3 + 11*v**2 + 25*v + 1. Give t(-5).
-99
Let s(b) = -b**2 - 20*b + 5. Determine s(-20).
5
Let j(v) = v**3 - 7*v**2 - 11*v + 19. What is j(8)?
-5
Let b(y) = -7*y**2 + 91*y - 4. What is b(13)?
-4
Let m(v) = -v**3 + 6*v**2 - 6*v + 10. What is m(4)?
18
Let a(l) = -l**2 - 20*l - 92. Determine a(-12).
4
Let j(x) = -6*x**2 - 3*x + 2. Give j(1).
-7
Let d(u) = -41*u - 51. Calculate d(-2).
31
Let v(f) = f**3 - 3*f**2 - 14*f + 3. Give v(6).
27
Let l(g) = -g**2 - 7*g + 6. Determine l(-6).
12
Let h(w) = w**3 + 37*w**2 - 28*w + 389. What is h(-38)?
9
Let k(y) = 2*y**3 - 2*y**2 - y + 10. What is k(-3)?
-59
Let t(c) = c**3 - c + 28. Determine t(0).
28
Let m(a) = -3*a**2 - 29*a - 8. Calculate m(-11).
-52
Let r(y) = -y**3 + 6*y**2 - 7*y + 9. Calculate r(6).
-33
Let f(o) = -3*o - 16. What is f(-16)?
32
Let s(r) = r**3 - 19*r**2 - 22*r + 27. What is s(20)?
-13
Let z(g) = -g**3 + 31*g**2 - 32*g + 72. Give z(30).
12
Let k(v) = -v**2 + 8*v + 4. Calculate k(5).
19
Let j(k) = k**2 - 10*k + 16. Give j(5).
-9
Let s(w) = -48*w - 3. Determine s(-1).
45
Let m(c) = -c**3 - 15*c**2 + 16*c + 1. What is m(-16)?
1
Let z(o) = 2*o**3 - 4*o**2 - o + 3. Give z(3).
18
Let j(n) = n**3 + 30*n**2 + 6*n + 189. Give j(-30).
9
Let k(h) = h**3 - 4*h**2 - 17*h + 6. Give k(6).
-24
Let s(a) = a - 20. What is s(14)?
-6
Let n(b) = -8*b. What is n(1)?
-8
Let o(r) = -r**3 - r**2 + 15*r - 3. Calculate o(-4).
-15
Let w(t) = t**2 - 2*t + 7. Give w(5).
22
Let s(n) = -2*n - 4. Give s(-4).
4
Let z(k) = -k**3 + 9*k**2 - 16*k - 4. Calculate z(4).
12
Let r(s) = -2*s**2 + 3*s - 3. Give r(2).
-5
Let x(s) = 11*s + 129. Determine x(-14).
-25
Let i(f) = -10*f - 121. Determine i(-12).
-1
Let j(z) = -z**2 - 6*z - 9. Give j(-5).
-4
Let c(s) = -12*s - 4. Calculate c(4).
-52
Let j(y) = -y**2 - 20*y - 11. What is j(-14)?
73
Let j(i) = i**3 - 11*i**2 + 3*i - 39. What is j(11)?
-6
Let y(n) = -n**2 + 13*n - 8. Determine y(8).
32
Let j(c) = 2*c**3 - c**2 - c - 1. What is j(2)?
9
Let z(c) = -c**2 + 13*c - 15. Determine z(13).
-15
Let u(r) = 23*r - 54. Determine u(9).
153
Let j(y) = y**3 + 5*y**2 - 12*y - 11. Determine j(-7).
-25
Let o(v) = -7*v - 2. Give o(-7).
47
Let s(v) = -v**3 - 5*v**2 - 8*v - 1. Give s(-3).
5
Let z(u) = -u**2 + 7*u + 6. Determine z(7).
6
Let b(s) = -s**2 - 13*s + 2. Determine b(-8).
42
Let j(d) = -d**3 + 23*d**2 + 14*d + 57. Calculate j(24).
-183
Let h(b) = b - 18. Give h(10).
-8
Let m(s) = s**2 - 16*s + 43. Determine m(13).
4
Let x(f) = -f**2 + 7*f + 14. What is x(7)?
14
Let l(h) = -6*h. Give l(-1).
6
Let f(p) = p**3 + 12*p**2 - p - 8. Calculate f(-12).
4
Let x(w) = -2*w**2 + 18*w + 1. Calculate x(9).
1
Let d(a) = -2*a**2 - 24*a - 19. Give d(-11).
3
Let f(g) = -g**3 - 6*g**2 + 2*g + 7. Determine f(-5).
-28
Let w(m) = 2*m**3 - m**2 - 2*m + 3. What is w(2)?
11
Let q(n) = 2*n**2 - 2. What is q(-3)?
16
Let o(x) = -x**3 + 6*x**2 + 7*x - 9. Give o(3).
39
Let k(v) = v**3 + 8*v**2 + 7*v - 5. Determine k(-8).
-61
Let m(b) = 8*b - 6. Calculate m(3).
18
Let p(z) = 2*z + 12. Determine p(-6).
0
Let l(g) = 2*g - 32. Determine l(20).
8
Let o(f) = -24*f + 142. Give o(6).
-2
Let o(c) = -5*c + 2. Calculate o(1).
-3
Let t(w) = -4*w - 89. Give t(-26).
15
Let v(m) = -m**2 + 13. Give v(-5).
-12
Let r(y) = 6*y**2 + 2*y - 2. What is r(1)?
6
Let v(d) = d**3 - 39*d**2 + 4*d - 140. Calculate v(39).
16
Let z(w) = 4*w + 14. Give z(-4).
-2
Let r(d) = 2*d**3 - d**2 - d. Calculate r(-1).
-2
Let i(g) = -38*g - 2. Calculate i(-1).
36
Let t(h) = 29*h + 218. Calculate t(-7).
15
Let x(t) = -t**3 + t + 8. Calculate x(0).
8
Let n(i) = 3*i**2 - 4*i - 3. Give n(-2).
17
Let a(j) = 24*j + 1. Calculate a(2).
49
Let b(k) = k**3 + 17*k**2 - k - 12. Give b(-17).
5
Let n(g) = g**2 - 6*g - 2. Calculate n(9).
25
Let r(p) = 2*p - 33. What is r(13)?
-7
Let k(p) = 349*p - 1391. Calculate k(4).
5
Let s(n) = 50*n + 298. Give s(-6).
-2
Let k(n) = -3*n + 30. Calculate k(8).
6
Let a(l) = 5*l**2 - 43*l + 15. Give a(8).
-9
Let j(m) = -m**3 - m**2 + m + 46. Calculate j(0).
46
Let v(m) = -m**2 + 10*m - 8. What is v(10)?
-8
Let a(i) = -i**2 + 2*i - 2. Calculate a(5).
-17
Let a(r) = r**3 - 8*r**2 + 3*r - 5. Determine a(8).
19
Let g(c) = -7*c**2 - c + 2. Give g(-2).
-24
Let t(i) = 5*i**2 + 23*i - 5. Calculate t(-5).
5
Let i(c) = -c**2 + 3*c - 1. Give i(-10).
-131
Let t(l) = -l**2 + 9*l - 12. Calculate t(7).
2
Let d(b) = -b**3 + 21*b**2 + 23*b - 28. Calculate d(22).
-6
Let x(g) = -2*g + 13. What is x(-7)?
27
Let k(q) = 2*q**2 - 10*q - 5. What is k(5)?
-5
Let o(b) = b**2 + 26*b - 60. Determine o(-28).
-4
Let w(m) = -2*m**2 + 27*m - 7. Calculate w(13).
6
Let a(d) = d**3 - 11*d**2 + 11*d + 31. Calculate a(10).
41
Let h(s) = s**2 - 11*s - 5. Give h(12).
7
Let n(d) = -2*d**2 + 2*d + 29. Calculate n(-4).
-11
Let i(c) = c**2 - 14*c - 10. What is i(15)?
5
Let m(t) = t**2 + 10*t + 4. Calculate m(-9).
-5
Let k(c) = 17*c**2 + 3*c + 6. Give k(-3).
150
Let v(k) = k - 2. Calculate v(4).
2
Let r(t) = -3*t**3 + 3*t**2 + t - 1. Calculate r(-2).
33
Let